visor of 737790 and 18380.
10
Calculate the highest common divisor of 495 and 3653745.
15
Calculate the greatest common divisor of 4127686 and 58.
58
Calculate the greatest common factor of 115 and 295809509.
23
Calculate the highest common factor of 92432016 and 144.
144
Calculate the greatest common factor of 5164 and 43860434.
2582
Calculate the highest common factor of 1440 and 4511088.
144
What is the greatest common divisor of 99372069 and 14391?
1107
Calculate the highest common factor of 22 and 46500245.
11
What is the highest common divisor of 37196 and 31756?
68
What is the greatest common divisor of 205791822 and 54?
18
Calculate the highest common factor of 1008 and 5199.
3
Calculate the greatest common divisor of 208 and 42678896.
208
Calculate the greatest common divisor of 5659890 and 17760.
1110
What is the highest common factor of 1782 and 4086918?
198
Calculate the greatest common divisor of 11065005 and 126.
63
What is the greatest common divisor of 361 and 41169580?
19
Calculate the greatest common factor of 1969 and 5510873.
179
What is the greatest common factor of 10519560 and 72?
72
What is the greatest common divisor of 26 and 40313949?
13
Calculate the greatest common factor of 651307683 and 195.
39
Calculate the highest common factor of 4102544 and 4343.
43
Calculate the highest common factor of 3561152 and 28.
28
Calculate the greatest common factor of 855458 and 1238.
1238
What is the greatest common factor of 1160305 and 1176655?
545
Calculate the highest common factor of 46363312 and 80.
16
Calculate the greatest common divisor of 1425613 and 364.
7
Calculate the greatest common factor of 6463280 and 109745.
2335
Calculate the highest common divisor of 255916 and 411.
137
Calculate the highest common divisor of 71568 and 71820.
252
Calculate the highest common factor of 19674482 and 141.
47
What is the highest common factor of 8673009 and 272?
17
Calculate the highest common factor of 170 and 10378670.
170
What is the highest common factor of 35217549 and 18?
9
Calculate the greatest common divisor of 34974315 and 945.
135
Calculate the highest common factor of 12490767 and 37442.
193
What is the greatest common factor of 341026 and 43218?
14
Calculate the greatest common factor of 1071340 and 1615.
85
Calculate the greatest common divisor of 238020 and 210.
30
What is the highest common divisor of 6464520 and 1440?
360
What is the highest common factor of 23966 and 5750?
46
What is the highest common factor of 926308 and 78244?
2524
Calculate the greatest common factor of 4762342 and 286.
26
What is the highest common factor of 517720320 and 1040?
1040
What is the greatest common divisor of 2015 and 60567676?
403
What is the greatest common factor of 224 and 12453091?
7
Calculate the greatest common factor of 2528422 and 2294.
62
What is the highest common divisor of 163323 and 1863?
621
Calculate the highest common divisor of 77 and 7716401.
77
What is the greatest common factor of 48529 and 1474525?
13
What is the highest common divisor of 2983 and 44598833?
2983
Calculate the highest common factor of 76563052 and 244.
244
What is the greatest common divisor of 3124140 and 210?
30
What is the greatest common divisor of 69959497 and 61?
61
What is the highest common factor of 1408316 and 6731?
53
Calculate the greatest common factor of 121 and 7967.
1
What is the greatest common factor of 1548 and 157968?
36
Calculate the greatest common factor of 2485 and 501095.
35
What is the highest common factor of 196608 and 11876352?
6144
Calculate the highest common divisor of 10125 and 377892000.
3375
Calculate the highest common factor of 54530196 and 321.
321
Calculate the highest common factor of 1133798229 and 81.
81
What is the highest common factor of 1292 and 556?
4
What is the highest common factor of 69731597 and 35116?
8779
What is the greatest common factor of 1632 and 979728?
48
Calculate the highest common divisor of 682 and 512743.
11
What is the greatest common divisor of 30011950 and 5000?
50
Calculate the greatest common factor of 784 and 80032.
16
Calculate the greatest common divisor of 48982 and 1379894.
38
What is the greatest common factor of 2672706 and 272?
34
What is the highest common divisor of 400 and 1763050?
50
What is the highest common factor of 63 and 502264?
7
Calculate the highest common factor of 376 and 3279942.
94
What is the highest common divisor of 335978175 and 677?
677
What is the highest common factor of 189 and 285135282?
27
Calculate the highest common divisor of 172287 and 1089024.
2127
What is the highest common factor of 28820232 and 5488?
2744
Calculate the highest common divisor of 6126571 and 629.
37
Calculate the greatest common divisor of 404889 and 76121.
467
Calculate the highest common factor of 57154708 and 4524.
1508
Calculate the greatest common factor of 4068 and 670032144.
4068
What is the highest common divisor of 93 and 386583?
3
What is the highest common factor of 51929144 and 194?
194
Calculate the highest common divisor of 108 and 21088932.
12
What is the highest common factor of 18222127 and 14?
7
What is the greatest common factor of 390254796 and 36?
36
Calculate the greatest common divisor of 10400 and 1298050.
650
What is the highest common divisor of 34018 and 7324588?
466
Calculate the greatest common divisor of 161990 and 7813930.
1670
Calculate the highest common divisor of 62944370 and 170.
170
What is the highest common factor of 493505 and 3560?
445
Calculate the highest common divisor of 71219551 and 15868.
3967
Calculate the greatest common factor of 222650 and 49410.
610
What is the highest common divisor of 3406 and 127656356?
262
What is the highest common factor of 4704 and 95710524?
588
Calculate the highest common factor of 11582326 and 1314.
146
What is the highest common divisor of 86994 and 392058?
18
What is the highest common divisor of 79662 and 1235542?
1562
Calculate the highest common divisor of 32141290 and 430.
10
What is the highest common divisor of 9688688 and 496?
16
Calculate the greatest common factor of 15263844 and 8.
4
Calculate the highest common divisor of 595 and 4732385.
35
What is the greatest common divisor of 493 and 998886?
17
What is the highest common divisor of 92058040 and 1976?
152
What is the highest common divisor of 47500 and 1996900?
1900
What is the greatest common divisor of 308112 and 4936211?
6419
Calculate the greatest common factor of 28017726 and 1518.
1518
What is the highest common divisor of 408377158 and 98?
14
Calculate the greatest common divisor of 163200 and 7567800.
600
Calculate the greatest common divisor of 2278 and 127235412.
2278
What is the greatest common divisor of 1163975 and 24275?
25
What is the highest common divisor of 11548980 and 114480?
540
Calculate the highest common divisor of 26454342 and 2364.
1182
What is the greatest common factor of 5101332 and 5754?
822
What is the highest common divisor of 1330 and 201145?
35
What is the greatest common factor of 126 and 152615967?
21
What is the greatest common factor of 1311483 and 393?
3
Calculate the highest common divisor of 5488351 and 18832.
1177
What is the greatest common divisor of 10 and 45610?
10
Calculate the greatest common factor of 201278 and 19712.
154
Calculate the greatest common divisor of 477421 and 2169.
241
What is the highest common divisor of 198832296 and 312?
312
What is the greatest common factor of 853988 and 8536?
388
Calculate the greatest common factor of 185719264 and 7936.
992
What is the greatest common divisor of 64 and 1128468?
4
What is the highest common divisor of 70328864 and 544?
544
Calculate the highest common divisor of 24668 and 3507574.
14
Calculate the greatest common divisor of 7096112 and 14498.
1318
What is the highest common factor of 404 and 390896462?
202
Calculate the highest common factor of 2568 and 19900074.
642
Calculate the greatest common factor of 384418723 and 1183.
169
Calculate the highest common factor of 23471722 and 172.
86
What is the highest common divisor of 260172 and 16237584?
3564
Calculate the highest common divisor of 7150 and 46633210.
130
What is the highest common factor of 521159 and 1653?
29
Calculate the highest common factor of 32292 a